9
Let p be 4/3*(-1 - 10/(-4)). Let w = 41 + 23. Suppose 6*z = p*z + w. What is the tens digit of z?
1
Let n(x) = -17*x**3 - 2*x**2 + 12*x + 164. What is the hundreds digit of n(-12)?
1
Let u = -183 + 188. Let x(o) = 4*o**3 + 4*o**2 - 8*o + 5. Let c(q) = 5*q**3 + 3*q**2 - 9*q + 6. Let b(v) = -5*c(v) + 6*x(v). What is the tens digit of b(u)?
8
Let y(c) = 63*c - 49. Suppose 4*w - 4*p = 32, -2*p = w - p. What is the units digit of y(w)?
3
Let r = -8305 + 29953. What is the tens digit of r?
4
Let f be (-3 + 28/(-20))*10/(-4). Suppose 4*k - 59 = -f. What is the units digit of (-3 - (-39)/12) + 213/k?
8
Let l(f) = 4587*f - 15936. What is the tens digit of l(22)?
7
Suppose 2*j + 5*p + 6 = 0, 2 = -0*j - j - 2*p. Let i be (-1214)/3*j*(-12)/16. Suppose -169 = 3*x - i. What is the units digit of x?
6
Suppose 176*o - 175*o - 3 = 0. Suppose -o*l = t - 89, 0 = -10*l + 14*l - 20. What is the tens digit of t?
7
Let o be 4 - (2 - -4 - 13). Suppose -o*f + 166 + 582 = 0. What is the tens digit of f?
6
Let h = -173 - -173. Suppose h = -15*a + 24*a - 1539. What is the hundreds digit of a?
1
Suppose -3*m + 3*j = -179415, 212*j + 32 = 216*j. What is the ten thousands digit of m?
5
Let g be (0 - -7) + 4 - 4. Let o be 203 + (-2)/2 + (g - 10). Suppose -w - l + o = w, -l = w - 100. What is the tens digit of w?
9
Let a = 129959 - 77700. What is the tens digit of a?
5
Suppose -10*n + 2015 = -5*n. Suppose -5*v = -4722 - n. What is the thousands digit of v?
1
What is the hundreds digit of (1 + (-478)/8)/(((-62)/(-552))/(-31))?
2
Let x(c) = -21*c**3 - 30*c**2 - 112*c + 17. What is the thousands digit of x(-4)?
1
Let a be 1/(31/5 + -6). Suppose k + 0*y - 277 = -5*y, 4*k = -a*y + 1078. What is the units digit of k?
7
Let i(f) = 3*f - 1. Let l be i(1). Let r = l + -14. What is the tens digit of ((-57)/r)/(0 + 5/80)?
7
Suppose 13*y = 9*y + 13692. Suppose -8*q + y + 1689 = 0. What is the hundreds digit of q?
6
Suppose 10*w - 427 + 3987 = 0. Let f = w + 172. What is the units digit of (f/(-10))/((-2)/(-5))?
6
Suppose 11*g - 8192 = 190. Suppose g + 386 = 2*b. What is the hundreds digit of b?
5
Let l(n) = n**3 + 8*n**2 - 2*n - 12. Let r be l(-8). Let i(m) = 14*m**3 - 3*m**2 + 5. Let p be i(2). Suppose -r*j + j = -p. What is the units digit of j?
5
Suppose 4*x + 0*x - p = 34, 0 = x - p - 10. Let w(f) = 13*f**2 + x*f**3 - 14*f + 17*f**3 + 21 - 24*f**3. What is the units digit of w(-14)?
1
Let j = 468 - 877. Let h = j - -578. What is the hundreds digit of h?
1
Suppose -3*s + 23871 = 3*g, -4*s + 15926 = 31*g - 29*g. What is the units digit of g?
1
Let u(m) = -m**3 + 8*m**2 + 2*m - 10. Let j be u(7). Suppose -27*k = -22*k - 20. Suppose k*z = 3*z - 3*y + j, -2*z = -3*y - 133. What is the units digit of z?
2
Let w = 35 + -33. Suppose 110 - 316 = -w*h. What is the hundreds digit of h?
1
Let u = 8219 + -4724. Suppose -27*c + u + 6036 = 0. What is the tens digit of c?
5
Suppose 3*i + 4*s - 90230 = 0, 2*s - 90244 = -138*i + 135*i. What is the units digit of i?
6
Suppose 0 = -5*q + 3*y - 8*y + 120, 4*q - 2*y - 90 = 0. What is the hundreds digit of (4/(-10))/(q/(-7475))?
1
Suppose v - 2*m - 301 = 0, 0*v = 5*v - m - 1460. Suppose 309 = 3*o + 2*f, 3*o + 0*o - 4*f - v = 0. Let t = 209 - o. What is the units digit of t?
8
Let n be (-44)/((-1)/16*4). What is the hundreds digit of (n/24 - 8)*3558/(-4)?
5
Suppose 7 = -4*b - 1, 106 = -4*a - 3*b. Let y = 27 + a. Suppose -33 = -g - y. What is the units digit of g?
1
Suppose 4*f + 5*c = 73503, 0 = 3*f - c - 18208 - 36886. What is the ten thousands digit of f?
1
What is the tens digit of (-64)/((6 - 3354/558)*(-12)/(-22))?
1
Suppose 270*h - 2965 = -3*u + 275*h, -u + 975 = -5*h. What is the units digit of u?
5
Let i(o) = -o**3 + 31*o**2 + 11*o - 1. What is the tens digit of i(16)?
1
Suppose 9*t + 8868 = 33987. What is the units digit of t?
1
What is the ten thousands digit of (-84)/(4/(12/(-6)))*(563 - 1)?
2
Suppose 0 + 8 = -4*t, 2*b = -5*t + 16374. What is the hundreds digit of b?
1
Let y = 23 - 16. Suppose -y*q + 16 = -5. Suppose q*d - 227 - 181 = 0. What is the hundreds digit of d?
1
Let a = -12 - -27. Suppose y = a + 10. What is the tens digit of 4/8 + y/2?
1
Let a(v) = -3 + 7*v**2 - 14*v**2 + 8*v**2 + 55 + 30*v + 2*v**2. What is the units digit of a(15)?
7
Suppose w = -1005*d + 1002*d + 40224, -5*d + 67040 = -2*w. What is the ten thousands digit of d?
1
Let n = 189 - 180. Suppose 3642 = n*p - 1992. What is the hundreds digit of p?
6
Let a(x) = -x**3 - x**2 + 2*x - 1. Let v(c) = -8*c**3 - 16*c**2 - 20. Let g(b) = -5*a(b) + v(b). What is the hundreds digit of g(-7)?
5
Let b(q) = -2286*q - 13743. What is the ten thousands digit of b(-37)?
7
Let l(z) be the second derivative of -2*z**3/3 - 27*z**2/2 - 16*z. Let f = 167 + -174. What is the units digit of l(f)?
1
Suppose -25 = -5*l + z, 4*l + 2*z + 1 = 21. Suppose -4*u = 4*w - 12, 0*w = l*u - 4*w - 15. What is the tens digit of (142/u)/(28/42)?
7
Let w(s) = -s**3 + 10*s**2 - 2*s + 50. Let k be w(8). Suppose 5*u - 1210 = -4*m, 3*u + m = k + 564. What is the hundreds digit of u?
2
What is the hundreds digit of (7/((-21)/1896))/((-66)/231)?
2
Let z(f) = 3*f**3 - 13*f**2 - 8*f - 70. Let s(x) = -4*x**3 + 14*x**2 + 9*x + 69. Let p(g) = 4*s(g) + 5*z(g). What is the hundreds digit of p(-14)?
9
Suppose -r - 4*r = -140. Let z = 44 - r. What is the tens digit of (-5 - z)*6/(-9)?
1
Let l = -570 - -2152. What is the hundreds digit of l?
5
Suppose -25*k + 24*k = -25. Let z = 33 - k. Suppose 13*q = z*q + 120. What is the tens digit of q?
2
What is the ten thousands digit of (-14)/(-14)*((-1704264)/(-104) - (-4)/(-26))?
1
Suppose 8*a - 1320 = -0*a. Suppose -4*t + a = -1355. What is the tens digit of t?
8
Let q be 2/(-8) - 6/(-24). Suppose -4*d + 5*x = -q*d - 399, 4*d - 4*x = 400. Suppose -4*y + 5*p + 268 = 0, 2*p - d = -2*y + 51. What is the units digit of y?
2
Let c(k) = -k**2 - 2*k - 473. Let p(s) = s**2 - s. Let x be p(1). Let w be c(x). What is the tens digit of (-4)/(-6) - w/33?
1
Let q(r) = -2*r**2 - 107*r + 22852. What is the thousands digit of q(0)?
2
Let j(z) = 25*z**3 + 162*z**2 + 28*z + 20. What is the hundreds digit of j(10)?
5
What is the thousands digit of (10989/(-132))/(3/(-372))?
0
Let d = -437 + 438. What is the thousands digit of (-1295 + d)/(-6 + 17 + -12)?
1
Let j(u) = -u**2 - 11*u + 22. Let d be j(-12). Let v be ((-12)/(-15))/((-4)/d) + 2. Let y(m) = -m**3 + 2*m + 148. What is the hundreds digit of y(v)?
1
Suppose 3*f - 35*f + 702570 = f. What is the ten thousands digit of f?
2
Suppose 5*p = 10*p + 615. Let y = 178 + p. Suppose 2*c - y = -29. What is the units digit of c?
3
Suppose 0 = -2*v - 40*i + 43*i - 11, 5*i = 3*v + 16. Let y(b) = 9*b**2 - 1. Let q be y(2). Let j = v + q. What is the units digit of j?
8
What is the thousands digit of (-28620)/(-10) + -4 + (14 - 7)?
2
Suppose 0*i = 2*i - 6. Suppose f + 71 = 5*f + i*m, m + 83 = 4*f. What is the units digit of (3 + (-204)/f)*-5?
6
Suppose -2 = 5*l - o - 7, -5*l + 5*o + 25 = 0. Suppose -4*h + l*h = -756. What is the units digit of h?
9
Let y(g) = -3*g - 1. Let t be y(-1). Suppose -4*b = t*p - p - 112, -4*b = 5*p - 528. Suppose 4*w = -u - u + p, 0 = -3*w - 3. What is the units digit of u?
4
Let k be -1174*1/2*(-9 + 10). Let a = -338 - k. What is the tens digit of a?
4
Let n be (7 + -7)*(-1 - (-3)/6). Suppose 8*m - 2048 = -n*m. Suppose -4*g - 4*a + m = 0, -3*a - 9 = -6*a. What is the units digit of g?
1
Let j be 0/(-3 - 0) + 193. Let b = -293 + j. Let z = 180 + b. What is the tens digit of z?
8
Let d = 512 + -517. Let k(h) = -111*h - 20. What is the units digit of k(d)?
5
Let n = 1840 - 461. Suppose -4*t - 123 = -n. What is the hundreds digit of t?
3
Suppose 0 = 2*y - 2*x + 8, -6*y + 4*x = -3*y + 14. Let b(d) = -50*d + 1. Let n be b(y). Suppose -16*k + 17*k = n. What is the tens digit of k?
0
Suppose 2*z = 3*w - 2475, 351 = 5*w - 3*z - 3775. What is the tens digit of w?
2
Let t = -343 - -217. Let m = t - -345. What is the tens digit of m?
1
Suppose -2*b = u + 432 - 30094, 2*b - 29654 = -3*u. What is the hundreds digit of b?
8
Suppose 5*z - 2*r = 100, 0*z + 2*z - 41 = r. Suppose 3*q - 772 = b, -z*q - 5*b = -22*q + 1022. What is the tens digit of q?
5
Let l be (-2)/4*(-48 + 38). Suppose 4*a + 3*j - 1774 = 0, -l*j + 4 = -6. What is the units digit of a